*t**2 + 4*t + 6. Let f be w(-2). Let x = f + -214. Let z = 437 - x. Is z composite?
True
Suppose 3*n = 5*m - n - 148966, 0 = -5*m - 4*n + 148974. Suppose 4*t - m + 777 = 5*u, 0 = 3*t - 3*u - 21762. Is t prime?
True
Let c be -1*1/1*314. Let g = -1323 - c. Let f = g + 1848. Is f a prime number?
True
Let y be -14433*7*(-8)/(-168). Let n = y - -8800. Is n composite?
False
Suppose n - 3*z - 285418 = -0*n, 3*n + 10*z = 856273. Is n prime?
True
Let h(k) be the third derivative of -k**5/60 - 5*k**4/4 + k**3/3 + 136*k**2. Let i be (19/3)/((-1)/3). Is h(i) a prime number?
True
Suppose -5*l + 2276 = -l. Suppose -4*i - 374 = 738. Let v = l + i. Is v prime?
False
Let s(b) = -10*b**3 + 8*b**2 + 51*b + 181. Is s(-27) a composite number?
True
Let k be (-5)/(-1 + 6)*0. Suppose 20*l - 13*l - 128009 = k. Is l a composite number?
False
Let p(q) = q**2 - 9*q - 49. Let m be p(13). Suppose 0 = -t - m*w - w + 1255, 3*w = 2*t - 2521. Is t composite?
False
Suppose 3*b = 4*p - 962141, 2*b - 962126 = -1128*p + 1124*p. Is p prime?
False
Let v(l) = l**3 + 3*l + 92581. Is v(0) prime?
True
Let t be -4 - 27718/(-4)*6/3. Let r = t - -17512. Is r composite?
True
Suppose -68 = 5*d - 23. Let x be 21/14*-2*(-3)/d. Is 2/(-6)*x/((-3)/(-2763)) a prime number?
True
Let i = 375790 - 205721. Is i prime?
False
Let v = 167 + -181. Is (-5187)/v + (-3)/24*-4 a prime number?
False
Let z(p) = -43*p**3 - 3*p**2 - 29*p - 307. Is z(-20) composite?
False
Suppose 1735*q - 1723*q = 11028. Is q prime?
True
Let k(n) = 813*n**2 + 5*n. Let u be k(-1). Let o = u + 755. Is o a composite number?
True
Let y be 56257/9 + 90/405. Is (-2)/(-12) - y/(-42) a prime number?
True
Is -84*(-42)/(-1008)*((-1146356)/(-7))/(-2) a composite number?
False
Suppose -2*n + 66286 = -4*b, 16569 = -0*b - b + n. Let a = -9637 - b. Is a composite?
True
Is 18/(-2) + (-3)/((-15)/131110) prime?
False
Suppose -3*n + 101*n = 21468338 - 4597344. Is n a composite number?
False
Is (-10 - 248/(-24)) + (-24262007)/(-21) a prime number?
False
Let i(b) = 2*b**3 + 35*b**2 + 17*b + 26. Let r be i(-17). Suppose r*h = 21*h + 18005. Is h prime?
False
Let l = 353 + -320. Let u(w) = -w**3 + 37*w**2 + 7*w - 26. Is u(l) composite?
False
Let v(u) = -4482*u**3 + u**2 + 2*u + 2. Let t = -252 + 251. Is v(t) a composite number?
False
Suppose -101*d - 36*d + 43899235 = 9769658. Is d composite?
True
Is (((-3)/(-24))/(12/96))/(1/55201) a composite number?
False
Let m = 3013 + -5912. Let s = -1798 - m. Suppose 3*n + s = 6*n. Is n composite?
False
Let s = -30 - -26. Let g be 187/s*(-2 - -6). Let h = 438 + g. Is h prime?
True
Let b(g) = g**3 + 19*g**2 + 155. Let h be b(-18). Let u = -18 - -10. Let m = h - u. Is m a composite number?
False
Let s(a) = -1960*a - 771. Is s(-23) composite?
True
Is ((-3)/2)/((-13555)/(-54244) - 46/184) prime?
False
Suppose -553 = -3*c - 322. Suppose 70*h - c*h = -62461. Is h prime?
True
Let a(r) = 24*r**2 + 45*r + 548. Is a(-47) a composite number?
False
Let q = 78219 - -23822. Is q prime?
False
Let g(d) = -6*d**2 - 80*d - 130. Let j(i) = i**2 + 16*i + 26. Let l(n) = 2*g(n) + 11*j(n). Let o be l(15). Suppose r - o = 162. Is r prime?
False
Let h = 297 - 298. Is -1847*(-4 + 0 + h) a composite number?
True
Let i = 63 + -58. Let f(a) = -a**3 + 8*a**2 - 3*a - 13. Let o be f(i). Suppose -6*s = -427 - o. Is s prime?
True
Is (3937/(-124))/(1/(-1348)) composite?
True
Suppose -4*b = -2*b - 2, 0 = -2*u - 4*b - 134. Let x = u - -73. Suppose 5*v + 8793 = 8*v - x*h, -4*h + 2915 = v. Is v prime?
True
Is (3/(-2))/(((-36)/(-32))/((-3173661)/54)) composite?
True
Let l(g) = -g**2 + g - 1. Let c be l(2). Is (5/c)/((-29)/21837) a prime number?
False
Suppose 99*d - 26804125 = -26*d. Is d a composite number?
False
Let y be (-2)/((-14)/(-6) + -3). Let n(s) = s - 3. Let p be n(y). Suppose 4*o - 4604 = -p*o. Is o a composite number?
False
Let t = 224862 + 61469. Is t prime?
False
Let m = 56 - 68. Let a = 16 + m. Suppose a*y - 687 = 3*y - 2*d, y = -d + 683. Is y a composite number?
True
Let q(s) = 4*s**2 - 51 - 18 + s**3 + 74 + 4*s. Let u = -4 - -8. Is q(u) prime?
True
Let d = -297 + 297. Suppose d = 13*w - 929 - 8418. Is w prime?
True
Let b = 377 - 378. Let a(x) be the first derivative of -206*x**2 - 5*x - 1. Is a(b) composite?
True
Let y = 1 - -1. Is (-5 + 13365 + -6)/y composite?
True
Suppose 0 = -5*r - 4*m + 378229, -4*m + 30638 - 106255 = -r. Is r a composite number?
False
Let w = -18193 + 30780. Is w composite?
True
Is ((-288)/(-264))/(-4) + 1 + 12647938/22 a composite number?
False
Suppose 3*o = j - 3*j + 508559, -10 = 2*j. Is o a composite number?
False
Suppose l = -18 + 12. Let b(y) = y**3 + 7*y**2 + 6*y - 10. Let c be b(l). Is 8412/(-30)*25/c a composite number?
False
Let c(l) = -l**2 - 11*l + 3. Suppose 2*t + 33 = -t. Let b be c(t). Suppose -a - 382 = -b*a. Is a a prime number?
True
Suppose 3*r + 778659 = 3*p, -5*r + 513254 + 5824 = 2*p. Is p a prime number?
False
Suppose -2405 + 9713 = -9*s. Let n = s - -1353. Is n prime?
True
Let m(x) = -78671*x - 1598. Is m(-5) a prime number?
True
Let c(g) = 8*g**2 - 5*g + 2. Let d be c(1). Let z(u) = 3*u**3 - 3*u**2 - u + 12. Is z(d) prime?
True
Suppose 2*o - 85 = -5*y + 17, -2*y + 4*o + 36 = 0. Let g be 5 + (-4)/8*y. Is 1146*1*(20/g)/(-12) prime?
False
Let v(s) be the third derivative of 76*s**5/15 - s**4/6 - s**3/6 - 33*s**2. Is v(-1) prime?
True
Let p(o) = o + 1. Let y(u) = -22*u + 29. Suppose 3*h = 4*v - 7, v + 2*h - 3 = -4. Let k(l) = v*y(l) + 2*p(l). Is k(-14) a composite number?
False
Let h = 115747 - 73254. Is h a composite number?
True
Suppose -5*h + 18 = 4*w - 8*w, -h + 8 = -3*w. Suppose h*a = 1044 + 952. Is a a composite number?
True
Suppose -j = -5*w + 216 - 2, -122 = -3*w - j. Let r = w + -24. Is (-2)/12 + 12621/r a prime number?
True
Suppose -5*j = -2*o + 15, -3*j - 15 = -3*o + 2*j. Suppose 5*p - 5*w + 4*w - 4296 = o, 3*p + 2*w = 2575. Is p a composite number?
False
Let q be (-9)/(162/12)*(-1 + 139). Let r = 50 + q. Is r/(-21)*(-1354)/(-4) a composite number?
False
Is (-183 - 1202)*(-367)/5 composite?
True
Suppose 14*y - 9*y + 5*f - 9855 = 0, 3*f + 3942 = 2*y. Let s be (-128)/(1 - (-33)/(-39)). Let q = s + y. Is q a prime number?
False
Let l(j) = 205*j - 157. Suppose -3*z + 2*c = -18, 0*z - 2*c - 24 = -4*z. Is l(z) prime?
False
Let z(k) = 6*k**3 + 8*k**2 - 32*k - 7. Let s(i) = 5*i**3 + 7*i**2 - 31*i - 6. Let x(y) = -5*s(y) + 4*z(y). Let f = 82 + -93. Is x(f) a composite number?
False
Let y(o) be the first derivative of 35*o**3/3 + 17*o**2/2 - 17*o + 26. Is y(9) composite?
False
Suppose 33*r = -167*r + 3695800. Is r a composite number?
True
Let h = 4053005 - 2753514. Is h composite?
False
Let f be 4 + 3*(-8)/12. Let k(c) = 4 + f + 385*c - 83*c + 3. Is k(4) composite?
False
Suppose -o - 5*n + 4 = -0, 0 = -4*o + 4*n + 16. Suppose 1318 = -2*y + 4*y - o*j, 0 = -2*y + 2*j + 1318. Is y prime?
True
Let j(n) = -2*n - 437 + 442 + 287*n**2 + 29*n**2. Is j(5) composite?
True
Is ((-2*2)/2)/(430/(-23716865)) prime?
True
Let p be (-10)/(-45) + 11660/18. Let k be p/(-28)*(-84 + 0). Let q = -1191 + k. Is q composite?
True
Suppose -26*q = 17*q - 40*q - 1022271. Is q prime?
True
Let f be (-1)/2 + 270/108. Suppose 6156 = f*a - 15182. Is a composite?
True
Suppose 1 = -4*j + 5, h + 9 = 3*j. Is 11201 - 8*(-3)/h a composite number?
False
Let s(w) = -178*w**3 - 6*w**2 - 10*w + 99. Is s(-8) a composite number?
False
Let p(r) = 9*r + 52. Let s(f) = -f + 21. Let g be s(19). Suppose -3*m - 9 = -3*y, 0*m = -g*y + 5*m. Is p(y) prime?
True
Let h = 851 + -1821. Let k = h + 129. Is 5/((-5)/k) - 2 prime?
True
Suppose 19*b = 23210178 + 20595253. Is b a prime number?
True
Is (179884 - -24) + (-11)/1 prime?
True
Suppose 2903143 = 4*p + 4*p + 11*p. Is p a prime number?
False
Let q(i) = -10*i**3 - 16*i**2 - 21*i + 110. Is q(-12) composite?
True
Let w = -28655 - -2995. Let m = w + 38801. Is m a prime number?
False
Let t(v) = 46147*v**2 + 15*v + 65. Is t(-3) composite?
False
Let i = 65675 + -35248. Is i composite?
False
Suppose 0 = -2*m + 2, i - 44036 = -22*m + 27*m. Is i composite?
False
Let h(v) = v - 36. Let w be h(-14). Let j = w + 53. Is j a prime number?
True
Let m = 18 + -13. Suppose 3*b + 2157 = 3*y, -m*y - 2*b + 3560 = -0*y. Suppose 2*l = y + 1220. Is l a composite number?
False
Suppose 0*t + 3*n - 22 = -4*t, 0 = -t + 3*n -